the prime factors of v?
3
Let z(p) = -2*p - 14. Let b = -23 - -13. What are the prime factors of z(b)?
2, 3
Suppose -2 = -2*s + 8. Let a = s - 0. List the prime factors of a.
5
Let m = 39 + -15. Suppose 0*v - 3*v + m = 3*z, -z + 8 = 5*v. List the prime factors of z.
2
Suppose 3*x = y - 2*y + 12, 5*x + y - 22 = 0. Let i(s) = 3 + x*s + 3 + s**2 - 6*s - 7*s. What are the prime factors of i(8)?
2, 3
Suppose 0 = -4*m - 3 + 11. Let h = 5 - m. Suppose -4*b + 40 = u, -h*b = -2*u + 3*u - 29. What are the prime factors of b?
11
Let d = 2 - -3. Suppose 0 = d*i - 144 - 11. Suppose 4*g - i = 5. List the prime factors of g.
3
Let l be ((-10)/8)/((-2)/32). Suppose -5*b - 15 = -5*n, 5*n - 15 = -5*b + l. What are the prime factors of b?
2
Let f = -4 + 8. Suppose -f*b = -4*t + 24, -5*t + 4*b + 23 = -5. List the prime factors of t.
2
Suppose 13 - 73 = -5*v. Suppose -2*d = -v - 8. What are the prime factors of d?
2, 5
Let f(h) = h**3 - 5*h**2 + 5*h + 2. Let b be f(4). Suppose -s - 25 = -b*s. Suppose -s*k + m + 24 = 0, 0 = -4*k + 2*k - 5*m + 15. List the prime factors of k.
5
Let p = 4 + 8. Let r = p + 2. What are the prime factors of r?
2, 7
Let c = -360 + 519. What are the prime factors of c?
3, 53
Let k(f) = -f**2 - 6*f + 10. Let c be k(-7). Let h(d) = 6 + 0 - 2 - d**2 + 4*d + 0*d**c - d**3. What are the prime factors of h(-3)?
2, 5
List the prime factors of (-3)/((-12)/124) - 3.
2, 7
What are the prime factors of (-3)/(-3) - 945/(-3)?
2, 79
Let w = 36 + 1. What are the prime factors of w?
37
Suppose 3*h = h. Suppose h*z + 2*g = z - 9, -6 = -4*z - 2*g. Suppose -4*o - z*q = -31, -4*o - 9 = 5*q - 50. List the prime factors of o.
2
Let j be (3/2)/(3/6). Suppose -j*z = z - 60. List the prime factors of z.
3, 5
Suppose -z + 2*z = 42. List the prime factors of z.
2, 3, 7
Let m(z) = -4*z + 37. List the prime factors of m(0).
37
Let h be (-1 + 2)/(5/165). Let s = -11 + h. List the prime factors of s.
2, 11
Suppose 5 = 3*b - 2*v - 2*v, 0 = b + 2*v - 5. Let t = b + 7. What are the prime factors of t?
2, 5
Let h(v) = -v**2 - 8*v - 2. Let m be h(-8). Let o = -2 - m. Suppose o = -4*r + 24 + 32. What are the prime factors of r?
2, 7
Suppose 0 = -10*z + 5*z - 120. What are the prime factors of z/(-9)*(-150)/(-8)?
2, 5
Let b be 2*14*1/4. Let d(h) = -h**2 + 10*h. Let m be d(b). Let v = -13 + m. What are the prime factors of v?
2
Let c be -3*2/4*-2. Suppose 5*i = 5*u - 27 - c, -4*i = 2*u - 24. List the prime factors of u.
2
List the prime factors of 1/((-2)/172*1/(-2)).
2, 43
Let m(p) = p**3 + 3*p**2 - 6*p - 5. Let d be m(-4). Suppose -25 = -g - f, g - d*g = -f - 50. List the prime factors of g.
5
Let z(a) = 6*a + 2. Let s = -7 - -14. Let t be z(s). Suppose 4*v - t = -0*v. List the prime factors of v.
11
List the prime factors of (364/(-65))/((-2)/20).
2, 7
Suppose 17 = -r - 5*d, -2*d + 9 = 3*r - 7*d. What are the prime factors of r/(-5) - 28/(-5)?
2, 3
List the prime factors of 3544/40 - (-3)/(-5).
2, 11
Let m be 111/21 + (-2)/7. Suppose -m*a + 13 + 17 = 0. Suppose 6 = 2*g - a. List the prime factors of g.
2, 3
Suppose 116 = 3*q - 4*p, 3*q - 2*p - 83 = 35. Suppose q = 5*t + 4*i, t = -t - i + 13. List the prime factors of t.
2
Suppose 5*n + 60 = 3*o, 2*n - 4*o = o - 43. What are the prime factors of (0 + n/6)*-10?
3, 5
Let b(n) = n**2 + 7*n - 6. Let q be b(-9). Suppose 3*f = q, 4*f - 4 = 5*l - l. Suppose 0 = -2*t + 11 - l. What are the prime factors of t?
2
Let f(i) = i**3 - 2*i**2 - 2*i - 2. Let u be f(3). Let z(o) = 10*o**2 - 2*o + 1. What are the prime factors of z(u)?
3
What are the prime factors of (-2444)/13*1*2/(-4)?
2, 47
Let y be -1*38/4*-2. Suppose 4*b + y = -r, b = -b. Let h = 28 + r. What are the prime factors of h?
3
Let i = 66 - 34. List the prime factors of i.
2
Suppose -2*q + 13 = 5, 4*w - 4 = 2*q. Suppose 0 = -3*s + 15, 28 + 0 = w*r - s. What are the prime factors of r?
11
Suppose 0 = -2*x - 10, 3*x = 5*d - 0*d - 75. What are the prime factors of d?
2, 3
Let h be (-6)/(-21) - (-33)/7. Suppose 0 = 4*i + c - 47, c + 24 = -h*i + 83. List the prime factors of i.
2, 3
Suppose 0 = 2*p - 76 + 16. Suppose -p + 2 = -4*n. List the prime factors of n.
7
Let g = -2 - -7. List the prime factors of g.
5
Let y = -6 + 6. Let s(p) = -p + 2. List the prime factors of s(y).
2
Suppose -6*h + 45 + 87 = 0. List the prime factors of h.
2, 11
Let s(t) = 4*t**2 + 2*t + 1. Let f be s(-1). Let z(k) be the first derivative of 2*k**3/3 - 5*k**2/2 + 2*k - 1. What are the prime factors of z(f)?
5
Suppose 0*k + 3*k - 3*g = 0, -4*g - 3 = -5*k. Suppose 6*a = k*a + 159. List the prime factors of a.
53
Suppose 1 - 7 = 3*q, l + 6 = -4*q. Suppose 5*f - l*f = -4*s - 4, 4*s = f + 12. List the prime factors of s.
2
Let m(i) = -i**3 - 17*i**2 - 4*i - 19. What are the prime factors of m(-17)?
7
Suppose 4*w - 5*w + 75 = 0. Let p = w + -39. Suppose 2*b = -b + p. What are the prime factors of b?
2, 3
Suppose -8*w = -574 - 122. What are the prime factors of w?
3, 29
Suppose -4*h + 4*p + 350 + 50 = 0, 0 = 4*h - 5*p - 403. List the prime factors of h.
97
Let c be (-13)/(-5) - (-4)/10. Suppose -51 = -c*h - g, 5*h - g - 77 = -0*h. What are the prime factors of h?
2
Let g(m) = -m**2 + 3*m + 2. Let y be g(3). Let a be (17/(-1))/(y/2). Let i = -7 - a. List the prime factors of i.
2, 5
Suppose 0 = 3*k - 14 - 4. Suppose -44 = -k*h + 4*h. List the prime factors of h.
2, 11
Suppose -3*h = -w + 2*h, 2*w + 5*h = 45. Suppose -4*u - 22 = -z, 3*z - w = -9*u + 4*u. Let c = 14 - z. What are the prime factors of c?
2
Let y(m) = -m**3 - m + 3. Let i be y(0). Suppose -3*z = -2*z + i. List the prime factors of (-2)/(-6) + (-41)/z.
2, 7
Let b = 242 - 172. What are the prime factors of b?
2, 5, 7
Let t be 26/3 + 2/6. Let y = t - 3. List the prime factors of y.
2, 3
Let s = -4 - -13. Suppose 0 = -4*p + 3 + s. Let u(f) = 2*f - 1. List the prime factors of u(p).
5
Let s(g) = g**2 - 3*g - 5. Let j be s(5). Suppose -2 = -3*u + j*u. List the prime factors of (77/(-14))/(u/2).
11
Let y = 9 + -17. Let u(d) = 2*d**2 + 14*d + 20. List the prime factors of u(y).
2, 3
Suppose -14 = -2*v + 48. Let g = 47 - v. What are the prime factors of g?
2
Let f(b) = -22*b - 3. Let u be f(-1). Let w = u - 11. List the prime factors of w.
2
Let r = -2 + 8. Suppose 3*q = r*q. Suppose 0 = -x + 5*f + 14 + 18, -5*x + 4*f + 55 = q. What are the prime factors of x?
7
List the prime factors of 446/4 - -2*4/16.
2, 7
Let y be ((-24)/8)/(-1 + 0). Suppose 3*x + 0*x - 146 = -4*q, -y*x + 141 = 3*q. List the prime factors of x.
2, 3, 7
What are the prime factors of (-9)/(-3) + -1 + 73?
3, 5
Suppose -19 = -3*n + 5*m - 4, -5*n - m = -25. Suppose i - n*y - 20 = 0, -2*i + 2*y + 152 = 2*i. What are the prime factors of i?
2, 5
Let x = 5 + 8. Suppose c + x = -0*c - 4*m, 5*m + 25 = 0. What are the prime factors of c?
7
Let s(a) = -4*a - 3*a + 0*a - 2 + 0*a. Let m be s(3). Let v = -11 - m. List the prime factors of v.
2, 3
Let n(i) = -2*i**3 + 2. Let d = 5 - 7. What are the prime factors of n(d)?
2, 3
Let s = 31 - 15. List the prime factors of s.
2
Let j be (-632)/6*(-9)/6. Let q be 2/7 + j/(-14). Let h = 0 - q. What are the prime factors of h?
11
Let k = 19 + -1. List the prime factors of (2/3)/(3/k).
2
Let g = 9 + -3. Suppose g - 30 = -o. List the prime factors of o.
2, 3
Suppose -5*f + 149 = -4*s, 3*f + 108 = -4*s - 65. Let u be (-2 - -1)*(s - 3). Let c = -28 + u. What are the prime factors of c?
2
Suppose k - 3*w = 50, -k + 2*k + 3*w = 20. What are the prime factors of k?
5, 7
Suppose -3*x + 15 = 4*w, -4*x + 2*w = -5*x + 5. Suppose -4*c + x*c - 2 = 3*d, 0 = -3*d. Suppose -c*r - 2*r = -8. What are the prime factors of r?
2
Let h(a) be the first derivative of -2 + 0*a + 1/2*a**2. What are the prime factors of h(11)?
11
Let q be (-1*(-1 - -9))/(-2). Suppose -2*x = 4*y, q*x - 7*y + 3*y = 24. Suppose 0 = 5*z - x - 6. List the prime factors of z.
2
List the prime factors of (4/(-6))/((-4)/66).
11
Let c(y) = -y**3 + 3*y**2 - 8*y - 2. What are the prime factors of c(-4)?
2, 71
Let z(p) = -p**3 + p**3 - p**3 + 7 - 10*p + 17*p**2 - 7*p**2. Let g be z(9). Let l(w) = 3*w**2 - w. List the prime factors of l(g).
2, 7
Let c = -11 - -15. Suppose -c*o = -3*o - 4. What are the prime factors of o?
2
Let a(z) = z - 2*z - 3 + 2 + 6. What are the prime factors of a(-5)?
2, 5
Let n = -2 + 5. S